{"id":262,"date":"2014-09-25T19:29:18","date_gmt":"2014-09-25T19:29:18","guid":{"rendered":"\/?page_id=262"},"modified":"2018-06-15T08:49:43","modified_gmt":"2018-06-15T07:49:43","slug":"slunecni-bryle","status":"publish","type":"page","link":"https:\/\/www.vidum.cz\/index.php\/slunecni-bryle\/","title":{"rendered":"Slune\u010dn\u00ed br\u00fdle"},"content":{"rendered":"<div class=\"wpb-content-wrapper\"><p>[vc_row][vc_column width=&#8220;2\/3&#8243;][vc_column_text]<strong>Slune\u010dn\u00ed br\u00fdle jsou v\u00fdrazn\u00fdm m\u00f3dn\u00edm dopl\u0148kem, kter\u00fd vlastn\u00ed dnes t\u00e9m\u011b\u0159 ka\u017ed\u00fd. P\u0159esto je o jejich vlastnostech a \u00fa\u010dinc\u00edch zve\u0159ej\u0148ov\u00e1no velmi m\u00e1lo informac\u00ed. Slune\u010dn\u00ed br\u00fdle chr\u00e1n\u00ed o\u010di p\u0159ed osln\u011bn\u00edm a p\u0159ed velmi \u0161kodliv\u00fdm UV z\u00e1\u0159en\u00edm. <\/strong><strong>Lidsk\u00e9 o\u010di se dok\u00e1\u017e\u00ed p\u0159izp\u016fsobit rozd\u00edln\u00e9 intenzit\u011b sv\u011btla. Je-li v\u0161ak prost\u0159ed\u00ed p\u0159\u00edli\u0161 sv\u011btl\u00e9, dojde\u00a0k osln\u011bn\u00ed a oko p\u0159est\u00e1v\u00e1 rozezn\u00e1vat okol\u00ed. Osln\u011bn\u00ed oka lze sn\u00ed\u017eit pomoc\u00ed slune\u010dn\u00edch br\u00fdlov\u00fdch \u010do\u010dek s dostate\u010dnou sv\u011btelnou ochranou.<\/strong><br \/>\n<strong> Slune\u010dn\u00ed br\u00fdlov\u00e9 \u010do\u010dky mus\u00ed chr\u00e1nit zrak nejen p\u0159ed osln\u011bn\u00edm, ale i p\u0159ed velmi \u0161kodliv\u00fdm kr\u00e1tkovlnn\u00fdm ultrafialov\u00fdm z\u00e1\u0159en\u00edm (UV z\u00e1\u0159en\u00edm).<\/strong><\/p>\n<hr \/>\n<h2><a href=\"http:\/\/www.vidum.cz\/wp-content\/uploads\/2014\/09\/sunglasses_GQ_30Aug13_pr_b_642x390-\u2013-kopie.jpg\"><img loading=\"lazy\" decoding=\"async\" class=\"alignnone wp-image-515\" src=\"http:\/\/www.vidum.cz\/wp-content\/uploads\/2014\/09\/sunglasses_GQ_30Aug13_pr_b_642x390-\u2013-kopie.jpg\" alt=\"sunglasses_GQ_30Aug13_pr_b_642x390 \u2013 kopie\" width=\"598\" height=\"367\" \/><\/a><\/h2>\n<h2>Zna\u010den\u00ed slune\u010dn\u00edch br\u00fdl\u00ed<\/h2>\n<p>Ozna\u010den\u00ed slune\u010dn\u00edch br\u00fdl\u00ed etiketou UV 400 znamen\u00e1, \u017ee slune\u010dn\u00ed br\u00fdlov\u00e9 \u010do\u010dky pohlcuj\u00ed UV z\u00e1\u0159en\u00ed.<br \/>\nSlune\u010dn\u00ed br\u00fdle ozna\u010den\u00e9 CE odpov\u00eddaj\u00ed norm\u00e1m Evropsk\u00e9 unie.<\/p>\n<p><strong>D\u00e1le d\u011bl\u00edme slune\u010dn\u00ed br\u00fdlov\u00e9 \u010do\u010dky podle stupn\u011b protislune\u010dn\u00ed ochrany do p\u011bti kategori\u00ed:<\/strong><\/p>\n<ul>\n<li><strong>Kategorie 0:<\/strong> bezbarv\u00fd nebo velmi sv\u011btl\u00fd filtr (propustnost viditeln\u00e9ho z\u00e1\u0159en\u00ed 80-100%)<\/li>\n<li><strong>Kategorie 1:<\/strong> sv\u011btl\u00fd filtr (propustnost viditeln\u00e9ho z\u00e1\u0159en\u00ed 43-80%)<\/li>\n<li><strong>Kategorie 2:<\/strong>\u00a0st\u0159edn\u011b tmav\u00fd filtr (propustnost viditeln\u00e9ho z\u00e1\u0159en\u00ed 18-43%)<\/li>\n<li><strong>Kategorie 3:<\/strong>\u00a0velmi tmav\u00fd filtr (propustnost viditeln\u00e9ho z\u00e1\u0159en\u00ed 8-18%)<\/li>\n<li><strong>Kategorie 4:<\/strong>\u00a0velmi tmav\u00fd filtr (propustnost viditeln\u00e9ho z\u00e1\u0159en\u00ed 3-8%)Kategorie 3 a 4 nejsou vhodn\u00e9 pro \u0159\u00edzen\u00ed motorov\u00fdch vozidel.<\/li>\n<\/ul>\n<p>Slune\u010dn\u00ed br\u00fdle stejn\u011b jako korek\u010dn\u00ed br\u00fdle mus\u00ed obsahovat perfektn\u011b zabrou\u0161en\u00e9 br\u00fdlov\u00e9 \u010do\u010dky. Jsou stejn\u011b vhodn\u00e9 \u010do\u010dky plastov\u00e9 i miner\u00e1ln\u00ed. Kvalitn\u00ed br\u00fdlov\u00e9 \u010do\u010dky nesm\u00ed vykazovat \u017e\u00e1dn\u00e9 mechanick\u00e9 po\u0161kozen\u00ed nebo jin\u00e9 vady materi\u00e1lu. P\u0159i pozorov\u00e1n\u00ed p\u0159edm\u011bt\u016f p\u0159es tyto br\u00fdlov\u00e9 \u010do\u010dky nesm\u00ed doch\u00e1zet k deformaci vn\u00edman\u00e9ho tvaru. Br\u00fdlov\u00e9 \u010do\u010dky pro \u0159idi\u010de nesm\u00ed zkreslovat barvy. Nejm\u00e9n\u011b zkresluj\u00ed barvy: hn\u011bd\u00e1, \u0161ed\u00e1 a zelen\u00e1. P\u0159es takov\u00e9 slune\u010dn\u00ed br\u00fdlov\u00e9 \u010do\u010dky vn\u00edm\u00e1 \u010dlov\u011bk t\u00e9m\u011b\u0159 origin\u00e1ln\u00ed odst\u00edny barev.<\/p>\n<hr \/>\n<h2>Sportovn\u00ed slune\u010dn\u00ed br\u00fdle<\/h2>\n<p>Nejd\u016fle\u017eit\u011bj\u0161\u00edm faktorem je UV filtr. Pro sport jsou vhodn\u011bj\u0161\u00ed plastov\u00e9 br\u00fdlov\u00e9 \u010do\u010dky, nebo\u0165 jsou leh\u010d\u00ed a nehroz\u00ed poran\u011bn\u00ed oka p\u0159i rozbit\u00ed br\u00fdlov\u00e9 \u010do\u010dky. Nem\u00e9n\u011b d\u016fle\u017eit\u00e1 je pru\u017enost a odolnost obruby proti rozbit\u00ed. Pro zimn\u00ed sporty v zasn\u011b\u017een\u00fdch krajin\u00e1ch, kde se odr\u00e1\u017e\u00ed 90% sv\u011btla, jsou vhodn\u00e9 br\u00fdlov\u00e9 \u010do\u010dky s vysok\u00fdm stupn\u011bm zabarven\u00ed (kategorie 3 a 4).<\/p>\n<hr \/>\n<h2>P\u00e9\u010de o slune\u010dn\u00ed br\u00fdle<\/h2>\n<p>V\u00e1\u0161 o\u010dn\u00ed optik V\u00e1m nab\u00eddne vhodn\u00e9 prost\u0159edky k \u010di\u0161t\u011bn\u00ed Va\u0161ich slune\u010dn\u00edch br\u00fdl\u00ed. P\u0159i \u010di\u0161t\u011bn\u00ed pou\u017e\u00edvejte nejjemn\u011bj\u0161\u00ed \u010dist\u00edc\u00ed prost\u0159edky.<\/p>\n<hr \/>\n<h2>Uchov\u00e1v\u00e1n\u00ed slune\u010dn\u00edch br\u00fdl\u00ed<\/h2>\n<p>Nejvhodn\u011bj\u0161\u00edm m\u00edstem pro uchov\u00e1v\u00e1n\u00ed slune\u010dn\u00edch br\u00fdl\u00ed je pevn\u00e9 pouzdro. Va\u0161e br\u00fdle mohou t\u00e9\u017e po\u0161kodit teploty vy\u0161\u0161\u00ed ne\u017e 55 \u00b0C. To se m\u016f\u017ee st\u00e1t nap\u0159. v l\u00e9t\u011b, ulo\u017e\u00edte-li br\u00fdle na palubn\u00ed desku automobilu.<br \/>\nSlune\u010dn\u00ed br\u00fdle jsou tedy nejen kosmetick\u00fdm dopl\u0148kem, ale tak\u00e9 ochrannou pom\u016fckou, kter\u00e1 br\u00e1n\u00ed po\u0161kozen\u00ed Va\u0161eho zraku p\u0159ed negativn\u00edmi \u00fa\u010dinky slune\u010dn\u00edho z\u00e1\u0159en\u00ed.<\/p>\n<hr \/>\n<h2>V\u00fdhodou slune\u010dn\u00edch br\u00fdl\u00ed zakoupen\u00fdch v na\u0161\u00ed o\u010dn\u00ed optice je:<\/h2>\n<ul>\n<li>vysok\u00e1 kvalita<\/li>\n<li>dvoulet\u00e1 z\u00e1ruka<\/li>\n<li>opravitelnost a p\u0159izp\u016fsobitelnost<\/li>\n<li>mo\u017enost v\u00fdm\u011bny br\u00fdlov\u00fdch \u010do\u010dek (p\u0159i po\u0161kr\u00e1b\u00e1n\u00ed\u2026)<\/li>\n<li>do vybran\u00fdch model\u016f um\u00edme zhotovit dioptrick\u00e9 br\u00fdlov\u00e9 slune\u010dn\u00ed \u010do\u010dky<\/li>\n<li>nab\u00edz\u00edme sportovn\u00ed slune\u010dn\u00ed br\u00fdle s mo\u017enost\u00ed dioptrick\u00e9ho klipu<\/li>\n<li>\u0161irok\u00e1 nab\u00eddka r\u016fzn\u00fdch zna\u010dek a r\u016fzn\u00fdch cenov\u00fdch kategori\u00ed<\/li>\n<li>zna\u010dky:\u00a0<strong>SERENGETI, MEXX, RODENSTOCK, ELLE, ESPRIT, SPY\u2026<\/strong><\/li>\n<\/ul>\n<p>M\u00e1te-li z\u00e1jem o kvalitn\u00ed slune\u010dn\u00ed br\u00fdle, pak se t\u011b\u0161\u00edme na Va\u0161i n\u00e1v\u0161t\u011bvu, p\u0159i kter\u00e9 V\u00e1m s v\u00fdb\u011brem nejvhodn\u011bj\u0161\u00edch slune\u010dn\u00edch br\u00fdl\u00ed\u00a0r\u00e1di porad\u00edme.<\/p>\n<hr \/>\n<p><strong>UV FILTR<\/strong><\/p>\n<p>UV filtr se nach\u00e1z\u00ed v materi\u00e1lu br\u00fdlov\u00e9 \u010do\u010dky a je naprosto nez\u00e1visl\u00fd na stupni t\u00f3nov\u00e1ni. Slune\u010dn\u00ed br\u00fdle, kter\u00e9 pouze tlum\u00ed viditeln\u00e9 sv\u011btlo a neobsahuj\u00ed UV filtr, po\u0161kozuj\u00ed oko, proto\u017ee vy\u0159azuj\u00ed\u00a0z funkce p\u0159irozen\u00fd ochrann\u00fd mechanismus oka. Bez tmav\u00e9 br\u00fdlov\u00e9 \u010do\u010dky by toti\u017e oko na sv\u011bteln\u00e9 podm\u00ednky reagovalo z\u00fa\u017een\u00edm zornice a p\u0159iv\u00edr\u00e1n\u00edm v\u00ed\u010dek.<br \/>\nV\u0161eobecn\u011b plat\u00ed, \u017ee plastov\u00e9 br\u00fdlov\u00e9 \u010do\u010dky maj\u00ed lep\u0161\u00ed UV absorpci ne\u017e miner\u00e1ln\u00ed \u010do\u010dky.[\/vc_column_text][\/vc_column][vc_column width=&#8220;1\/3&#8243;]<div class=\"prk_shortcode-title\"><div class=\"header_font sizer_medium bd_headings_text_shadow zero_color prk_vc_title\">Slune\u010dn\u00ed br\u00fdle Serengeti!<\/div><\/div>[vc_separator]<div class='wpb_content_element'><div class=\"samba_bquote_wrapper\"><div class=\"prk_blockquote plain\"><div class=\"in_quote\"><div class=\"prk_inner_tip\"><\/div><div class=\"tip_top_hide\"><\/div><strong>Stali jsme se stali v\u00fdhradn\u00edmi region\u00e1ln\u00edmi prodejci sv\u011btov\u011b nejlep\u0161\u00edch slune\u010dn\u00edch br\u00fdl\u00ed pro \u0159idi\u010de Serengeti. V nab\u00eddce m\u00e1me jako jedin\u00ed nejv\u011bt\u0161\u00ed kolekci v kraji. Vybrat si m\u016f\u017eete a\u017e z 50 model\u016f ! V\u00edce informac\u00ed v odkaze SLUNE\u010cN\u00cd BR\u00ddLE SERENGETI nebo p\u0159i Va\u0161\u00ed osobn\u00ed n\u00e1v\u0161t\u011bv\u011b. P\u0159ij\u010fte a vyzkou\u0161ejte\u2026 !<\/strong><\/div><\/div><div class=\"pirenko_author header_font body_text_shadow prk_bold\"><span class=\"after_author\"><\/span><\/div><\/div><\/div>[vc_button title=&#8220;V\u00edce o br\u00fdl\u00edch Serengeti&#8220; target=&#8220;_self&#8220; color=&#8220;btn-inverse&#8220; icon=&#8220;none&#8220; size=&#8220;wpb_regularsize&#8220; href=&#8220;http:\/\/www.vidum.cz\/?page_id=411&#8243;][vc_single_image image=&#8220;547&#8243; img_link_target=&#8220;_self&#8220; img_size=&#8220;medium&#8220; img_link=&#8220;http:\/\/www.vidum.cz\/wp-content\/uploads\/2014\/10\/kup.jpg&#8220;][\/vc_column][\/vc_row]<\/p>\n<\/div>","protected":false},"excerpt":{"rendered":"<p>[vc_row][vc_column width=&#8220;2\/3&#8243;][vc_column_text]Slune\u010dn\u00ed br\u00fdle jsou v\u00fdrazn\u00fdm m\u00f3dn\u00edm dopl\u0148kem, kter\u00fd vlastn\u00ed dnes t\u00e9m\u011b\u0159 ka\u017ed\u00fd. P\u0159esto je o jejich vlastnostech a \u00fa\u010dinc\u00edch zve\u0159ej\u0148ov\u00e1no velmi m\u00e1lo informac\u00ed. Slune\u010dn\u00ed br\u00fdle chr\u00e1n\u00ed o\u010di p\u0159ed osln\u011bn\u00edm a p\u0159ed velmi \u0161kodliv\u00fdm UV z\u00e1\u0159en\u00edm. Lidsk\u00e9 o\u010di se dok\u00e1\u017e\u00ed p\u0159izp\u016fsobit rozd\u00edln\u00e9 intenzit\u011b sv\u011btla. Je-li v\u0161ak prost\u0159ed\u00ed p\u0159\u00edli\u0161 sv\u011btl\u00e9, dojde\u00a0k osln\u011bn\u00ed a oko p\u0159est\u00e1v\u00e1 rozezn\u00e1vat okol\u00ed. [&hellip;]<\/p>\n","protected":false},"author":1,"featured_media":0,"parent":0,"menu_order":0,"comment_status":"open","ping_status":"open","template":"","meta":{"_monsterinsights_skip_tracking":false,"_monsterinsights_sitenote_active":false,"_monsterinsights_sitenote_note":"","_monsterinsights_sitenote_category":0,"footnotes":""},"class_list":["post-262","page","type-page","status-publish","hentry"],"yoast_head":"<!-- This site is optimized with the Yoast SEO plugin v27.3 - https:\/\/yoast.com\/product\/yoast-seo-wordpress\/ -->\n<title>Slune\u010dn\u00ed Br\u00fdle | O\u010dn\u00ed Centrum Vidum, Opava<\/title>\n<meta name=\"description\" content=\"Stali jsme se v\u00fdhradn\u00edmi region\u00e1ln\u00edmi prodejci sv\u011btov\u011b nejlep\u0161\u00edch slune\u010dn\u00edch br\u00fdl\u00ed pro \u0159idi\u010de Serengeti. O\u010dn\u00ed Centrum Vidum, Opava\" \/>\n<meta name=\"robots\" content=\"index, follow, max-snippet:-1, max-image-preview:large, max-video-preview:-1\" \/>\n<link rel=\"canonical\" href=\"https:\/\/www.vidum.cz\/index.php\/slunecni-bryle\/\" \/>\n<meta property=\"og:locale\" content=\"cs_CZ\" \/>\n<meta property=\"og:type\" content=\"article\" \/>\n<meta property=\"og:title\" content=\"Slune\u010dn\u00ed Br\u00fdle | O\u010dn\u00ed Centrum Vidum, Opava\" \/>\n<meta property=\"og:description\" content=\"Stali jsme se v\u00fdhradn\u00edmi region\u00e1ln\u00edmi prodejci sv\u011btov\u011b nejlep\u0161\u00edch slune\u010dn\u00edch br\u00fdl\u00ed pro \u0159idi\u010de Serengeti. O\u010dn\u00ed Centrum Vidum, Opava\" \/>\n<meta property=\"og:url\" content=\"https:\/\/www.vidum.cz\/index.php\/slunecni-bryle\/\" \/>\n<meta property=\"og:site_name\" content=\"Vidum\" \/>\n<meta property=\"article:modified_time\" content=\"2018-06-15T07:49:43+00:00\" \/>\n<meta name=\"twitter:label1\" content=\"Odhadovan\u00e1 doba \u010dten\u00ed\" \/>\n\t<meta name=\"twitter:data1\" content=\"5 minut\" \/>\n<script type=\"application\/ld+json\" class=\"yoast-schema-graph\">{\"@context\":\"https:\\\/\\\/schema.org\",\"@graph\":[{\"@type\":\"WebPage\",\"@id\":\"https:\\\/\\\/www.vidum.cz\\\/index.php\\\/slunecni-bryle\\\/\",\"url\":\"https:\\\/\\\/www.vidum.cz\\\/index.php\\\/slunecni-bryle\\\/\",\"name\":\"Slune\u010dn\u00ed Br\u00fdle | O\u010dn\u00ed Centrum Vidum, Opava\",\"isPartOf\":{\"@id\":\"https:\\\/\\\/www.vidum.cz\\\/#website\"},\"datePublished\":\"2014-09-25T19:29:18+00:00\",\"dateModified\":\"2018-06-15T07:49:43+00:00\",\"description\":\"Stali jsme se v\u00fdhradn\u00edmi region\u00e1ln\u00edmi prodejci sv\u011btov\u011b nejlep\u0161\u00edch slune\u010dn\u00edch br\u00fdl\u00ed pro \u0159idi\u010de Serengeti. O\u010dn\u00ed Centrum Vidum, Opava\",\"breadcrumb\":{\"@id\":\"https:\\\/\\\/www.vidum.cz\\\/index.php\\\/slunecni-bryle\\\/#breadcrumb\"},\"inLanguage\":\"cs\",\"potentialAction\":[{\"@type\":\"ReadAction\",\"target\":[\"https:\\\/\\\/www.vidum.cz\\\/index.php\\\/slunecni-bryle\\\/\"]}]},{\"@type\":\"BreadcrumbList\",\"@id\":\"https:\\\/\\\/www.vidum.cz\\\/index.php\\\/slunecni-bryle\\\/#breadcrumb\",\"itemListElement\":[{\"@type\":\"ListItem\",\"position\":1,\"name\":\"Dom\u016f\",\"item\":\"https:\\\/\\\/www.vidum.cz\\\/\"},{\"@type\":\"ListItem\",\"position\":2,\"name\":\"Slune\u010dn\u00ed br\u00fdle\"}]},{\"@type\":\"WebSite\",\"@id\":\"https:\\\/\\\/www.vidum.cz\\\/#website\",\"url\":\"https:\\\/\\\/www.vidum.cz\\\/\",\"name\":\"Vidum\",\"description\":\"O\u010dn\u00ed centrum Vidum\",\"potentialAction\":[{\"@type\":\"SearchAction\",\"target\":{\"@type\":\"EntryPoint\",\"urlTemplate\":\"https:\\\/\\\/www.vidum.cz\\\/?s={search_term_string}\"},\"query-input\":{\"@type\":\"PropertyValueSpecification\",\"valueRequired\":true,\"valueName\":\"search_term_string\"}}],\"inLanguage\":\"cs\"}]}<\/script>\n<!-- \/ Yoast SEO plugin. -->","yoast_head_json":{"title":"Slune\u010dn\u00ed Br\u00fdle | O\u010dn\u00ed Centrum Vidum, Opava","description":"Stali jsme se v\u00fdhradn\u00edmi region\u00e1ln\u00edmi prodejci sv\u011btov\u011b nejlep\u0161\u00edch slune\u010dn\u00edch br\u00fdl\u00ed pro \u0159idi\u010de Serengeti. O\u010dn\u00ed Centrum Vidum, Opava","robots":{"index":"index","follow":"follow","max-snippet":"max-snippet:-1","max-image-preview":"max-image-preview:large","max-video-preview":"max-video-preview:-1"},"canonical":"https:\/\/www.vidum.cz\/index.php\/slunecni-bryle\/","og_locale":"cs_CZ","og_type":"article","og_title":"Slune\u010dn\u00ed Br\u00fdle | O\u010dn\u00ed Centrum Vidum, Opava","og_description":"Stali jsme se v\u00fdhradn\u00edmi region\u00e1ln\u00edmi prodejci sv\u011btov\u011b nejlep\u0161\u00edch slune\u010dn\u00edch br\u00fdl\u00ed pro \u0159idi\u010de Serengeti. O\u010dn\u00ed Centrum Vidum, Opava","og_url":"https:\/\/www.vidum.cz\/index.php\/slunecni-bryle\/","og_site_name":"Vidum","article_modified_time":"2018-06-15T07:49:43+00:00","twitter_misc":{"Odhadovan\u00e1 doba \u010dten\u00ed":"5 minut"},"schema":{"@context":"https:\/\/schema.org","@graph":[{"@type":"WebPage","@id":"https:\/\/www.vidum.cz\/index.php\/slunecni-bryle\/","url":"https:\/\/www.vidum.cz\/index.php\/slunecni-bryle\/","name":"Slune\u010dn\u00ed Br\u00fdle | O\u010dn\u00ed Centrum Vidum, Opava","isPartOf":{"@id":"https:\/\/www.vidum.cz\/#website"},"datePublished":"2014-09-25T19:29:18+00:00","dateModified":"2018-06-15T07:49:43+00:00","description":"Stali jsme se v\u00fdhradn\u00edmi region\u00e1ln\u00edmi prodejci sv\u011btov\u011b nejlep\u0161\u00edch slune\u010dn\u00edch br\u00fdl\u00ed pro \u0159idi\u010de Serengeti. O\u010dn\u00ed Centrum Vidum, Opava","breadcrumb":{"@id":"https:\/\/www.vidum.cz\/index.php\/slunecni-bryle\/#breadcrumb"},"inLanguage":"cs","potentialAction":[{"@type":"ReadAction","target":["https:\/\/www.vidum.cz\/index.php\/slunecni-bryle\/"]}]},{"@type":"BreadcrumbList","@id":"https:\/\/www.vidum.cz\/index.php\/slunecni-bryle\/#breadcrumb","itemListElement":[{"@type":"ListItem","position":1,"name":"Dom\u016f","item":"https:\/\/www.vidum.cz\/"},{"@type":"ListItem","position":2,"name":"Slune\u010dn\u00ed br\u00fdle"}]},{"@type":"WebSite","@id":"https:\/\/www.vidum.cz\/#website","url":"https:\/\/www.vidum.cz\/","name":"Vidum","description":"O\u010dn\u00ed centrum Vidum","potentialAction":[{"@type":"SearchAction","target":{"@type":"EntryPoint","urlTemplate":"https:\/\/www.vidum.cz\/?s={search_term_string}"},"query-input":{"@type":"PropertyValueSpecification","valueRequired":true,"valueName":"search_term_string"}}],"inLanguage":"cs"}]}},"_links":{"self":[{"href":"https:\/\/www.vidum.cz\/index.php\/wp-json\/wp\/v2\/pages\/262","targetHints":{"allow":["GET"]}}],"collection":[{"href":"https:\/\/www.vidum.cz\/index.php\/wp-json\/wp\/v2\/pages"}],"about":[{"href":"https:\/\/www.vidum.cz\/index.php\/wp-json\/wp\/v2\/types\/page"}],"author":[{"embeddable":true,"href":"https:\/\/www.vidum.cz\/index.php\/wp-json\/wp\/v2\/users\/1"}],"replies":[{"embeddable":true,"href":"https:\/\/www.vidum.cz\/index.php\/wp-json\/wp\/v2\/comments?post=262"}],"version-history":[{"count":18,"href":"https:\/\/www.vidum.cz\/index.php\/wp-json\/wp\/v2\/pages\/262\/revisions"}],"predecessor-version":[{"id":656,"href":"https:\/\/www.vidum.cz\/index.php\/wp-json\/wp\/v2\/pages\/262\/revisions\/656"}],"wp:attachment":[{"href":"https:\/\/www.vidum.cz\/index.php\/wp-json\/wp\/v2\/media?parent=262"}],"curies":[{"name":"wp","href":"https:\/\/api.w.org\/{rel}","templated":true}]}}