{"id":267,"date":"2014-09-25T19:31:35","date_gmt":"2014-09-25T19:31:35","guid":{"rendered":"\/?page_id=267"},"modified":"2018-06-15T08:47:11","modified_gmt":"2018-06-15T07:47:11","slug":"roztoky-na-cocky","status":"publish","type":"page","link":"https:\/\/www.vidum.cz\/index.php\/roztoky-na-cocky\/","title":{"rendered":"Roztoky na \u010do\u010dky"},"content":{"rendered":"<div class=\"wpb-content-wrapper\"><p>[vc_row][vc_column width=&#8220;2\/3&#8243;][vc_column_text]<strong>Roztoky\u00a0slou\u017e\u00ed k\u00a0p\u00e9\u010di o\u00a0kontaktn\u00ed \u010do\u010dky\u00a0s\u00a0intervalem v\u00fdm\u011bny del\u0161\u00ed ne\u017e jeden den. Roztoky\u00a0zbavuj\u00ed\u00a0kontaktn\u00ed \u010do\u010dky\u00a0usazenin, dezinfikuj\u00ed, zvlh\u010duj\u00ed a umo\u017e\u0148uj\u00ed jejich bezpe\u010dn\u00e9 uchov\u00e1n\u00ed. Sou\u010dasn\u011b s\u00a0roztokem pot\u0159ebujete tak\u00e9\u00a0<a href=\"http:\/\/www.vasecocky.cz\/pouzdra-na-kontaktni-cocky.html\">pouzdro<\/a>.<\/strong><\/p>\n<hr \/>\n<h2>Jak\u00fd roztok si po\u0159\u00eddit?<\/h2>\n<p>Jednoduch\u00e1 odpov\u011b\u010f na ot\u00e1zku, jak\u00fd roztok je pro v\u00e1s ten nejlep\u0161\u00ed, neexistuje. Ka\u017ed\u00e9mu nositeli m\u016f\u017ee vyhovovat jin\u00fd roztok, ka\u017ed\u00e9 kontaktn\u00ed \u010do\u010dky mohou s roztokem jinak reagovat.<br \/>\nNejsnaz\u0161\u00ed je pou\u017e\u00edvat roztok, kter\u00fd v\u00e1m byl doporu\u010den va\u0161\u00edm optometristou a kter\u00fd v\u00e1m p\u0159i no\u0161en\u00ed \u010do\u010dek vyhovuje. Jinak se nejvhodn\u011bj\u0161\u00ed roztok konkr\u00e9tn\u011b pro v\u00e1s d\u00e1 naj\u00edt jedin\u011b zkou\u0161en\u00edm.<\/p>\n<p>N\u011bkter\u00e9 roztoky maj\u00ed m\u00e9n\u011b chemick\u00fdch l\u00e1tek, ale na druhou stranu m\u00e9n\u011b desinfikuj\u00ed, jin\u00e9 l\u00e9pe lubrikuj\u00ed a \u010dist\u00ed, ale jsou m\u00e9n\u011b \u0161etrn\u00e9 k o\u010d\u00edm, n\u011bkter\u00e9 star\u0161\u00ed roztoky jsou h\u016f\u0159e snesiteln\u00e9 se silikon-hydrogelov\u00fdmi kontaktn\u00edmi \u010do\u010dkami. Proto se u roztoku zaj\u00edmejte hlavn\u011b o to, jak\u00e9 m\u00e1 slo\u017een\u00ed, kolik chemick\u00fdch l\u00e1tek obsahuje, kolik konzervant\u016f, zda je pro citliv\u011bj\u0161\u00ed o\u010di a zda je vhodn\u00fd k va\u0161im kontaktn\u00edm \u010do\u010dk\u00e1m.<\/p>\n<p>D\u016fle\u017eit\u00e9 je p\u0159ipomenout, \u017ee roztok na kontaktn\u00ed \u010do\u010dky nelze ni\u010d\u00edm jin\u00fdm nahradit &#8211; destilovanou vodou, fyziologick\u00fdm roztokem a hlavn\u011b ne vodou z vodovou, ani p\u0159eva\u0159enou. Dne\u0161n\u00ed roztoky na kontaktn\u00ed \u010do\u010dky jsou v\u00edce\u00fa\u010delov\u00e9, tzn., \u017ee vlo\u017een\u00edm kontaktn\u00edch \u010do\u010dek do roztoku se \u010do\u010dky desinfikuj\u00ed, \u010dist\u00ed od povrchov\u00fdch ne\u010distot, z\u00edsk\u00e1vaj\u00ed vlhkost a uchov\u00e1vaj\u00ed se v pouzd\u0159e p\u0159ed vyschnut\u00edm, co\u017e \u017e\u00e1dn\u00fd jin\u00fd roztok neum\u00ed.<br \/>\nDo styku s vodou nemohou kontaktn\u00ed \u010do\u010dky p\u0159ij\u00edt z d\u016fvodu mo\u017en\u00e9 kontaminace prvokem\u00a0<a href=\"http:\/\/www.cocky.cz\/akantameba.html\">Acanthamebou<\/a>, kter\u00fd na p\u0159edn\u00edm segmentu oka zp\u016fsobuje jedny z nejt\u011b\u017e\u0161\u00edch z\u00e1n\u011bt\u016f a v krajn\u00edch p\u0159\u00edpadech i n\u00e1slednou slepotu.[\/vc_column_text][\/vc_column][vc_column width=&#8220;1\/3&#8243;][vc_single_image image=&#8220;508&#8243; img_link_target=&#8220;_self&#8220; img_size=&#8220;large&#8220;][\/vc_column][\/vc_row][vc_row][vc_column width=&#8220;1\/1&#8243;][vc_separator][\/vc_column][\/vc_row][vc_row][vc_column width=&#8220;2\/3&#8243;][vc_column_text]<\/p>\n<h2>Peroxidov\u00e9 roztoky<\/h2>\n<p>Dosud nej\u00fa\u010dinn\u011bj\u0161\u00edmi roztoky na kontaktn\u00ed \u010do\u010dky jsou peroxidov\u00e9 roztoky. Ty obsahuj\u00ed peroxid vod\u00edku a \u010do\u010dky zbavuj\u00ed ne\u010distot d\u00edky chemick\u00e9 reakci \u2013 rozkladu peroxidu, kdy aktivn\u00ed kysl\u00edk oxida\u010dn\u011b ni\u010d\u00ed bakterie a odstra\u0148uje ne\u010distoty a mrtv\u00e9 bu\u0148ky oka z \u010do\u010dky.<\/p>\n<p>Aby bylo mo\u017en\u00e9 peroxid v p\u00e9\u010di o kontaktn\u00ed \u010do\u010dky pou\u017e\u00edt, je nevyhnuteln\u00e1 ji\u017e zm\u00edn\u011bn\u00e1 chemick\u00e1 rekce a jeho neutralizace. K peroxidov\u00fdm roztok\u016f je proto v\u017edy p\u0159ibaleno pouzdro s platinov\u00fdm katalyz\u00e1torem.<\/p>\n<p>Peroxidov\u00e9 roztoky touto reakc\u00ed kontaktn\u00ed \u010do\u010dky v\u00fdborn\u011b vy\u010dist\u00ed, naprosto nejl\u00e9pe vydesinfikuj\u00ed a zbav\u00ed v\u0161ech bakteri\u00ed. Po 6 hodin\u00e1ch reakce v pouzd\u0159e zbude jen \u201evoda\u201c \u2013 nekonzervovan\u00fd fyziologick\u00fd roztok, co\u017e p\u0159edstavuje tu nejni\u017e\u0161\u00ed chemickou z\u00e1t\u011b\u017e pro oko, peroxid se nev\u00e1\u017ee s materi\u00e1lem \u010do\u010dky, nem\u00e1 tedy pro oko \u017e\u00e1dn\u00fd alergizuj\u00edc\u00ed potenci\u00e1l.<\/p>\n<p>Jedinou podm\u00ednkou peroxidov\u00fdch roztok\u016f je nechat \u010do\u010dky v pouzd\u0159e do konce reakce \u2013 dokud v\u0161echen peroxid nebude zneutralizov\u00e1n, tzn. cca 6 hodin. P\u0159ed skon\u010den\u00edm reakce se \u010do\u010dka nesm\u00ed nasadit do oka, peroxidov\u00fdm roztokem se oko nem\u016f\u017ee prokapat, mohlo by doj\u00edt k pop\u00e1len\u00ed rohovky oka.[\/vc_column_text][\/vc_column][vc_column width=&#8220;1\/3&#8243;][vc_single_image image=&#8220;512&#8243; img_link_target=&#8220;_self&#8220; img_size=&#8220;large&#8220;][\/vc_column][\/vc_row]<\/p>\n<\/div>","protected":false},"excerpt":{"rendered":"<p>[vc_row][vc_column width=&#8220;2\/3&#8243;][vc_column_text]Roztoky\u00a0slou\u017e\u00ed k\u00a0p\u00e9\u010di o\u00a0kontaktn\u00ed \u010do\u010dky\u00a0s\u00a0intervalem v\u00fdm\u011bny del\u0161\u00ed ne\u017e jeden den. Roztoky\u00a0zbavuj\u00ed\u00a0kontaktn\u00ed \u010do\u010dky\u00a0usazenin, dezinfikuj\u00ed, zvlh\u010duj\u00ed a umo\u017e\u0148uj\u00ed jejich bezpe\u010dn\u00e9 uchov\u00e1n\u00ed. Sou\u010dasn\u011b s\u00a0roztokem pot\u0159ebujete tak\u00e9\u00a0pouzdro. Jak\u00fd roztok si po\u0159\u00eddit? Jednoduch\u00e1 odpov\u011b\u010f na ot\u00e1zku, jak\u00fd roztok je pro v\u00e1s ten nejlep\u0161\u00ed, neexistuje. Ka\u017ed\u00e9mu nositeli m\u016f\u017ee vyhovovat jin\u00fd roztok, ka\u017ed\u00e9 kontaktn\u00ed \u010do\u010dky mohou s roztokem jinak reagovat. Nejsnaz\u0161\u00ed je [&hellip;]<\/p>\n","protected":false},"author":1,"featured_media":0,"parent":0,"menu_order":0,"comment_status":"open","ping_status":"open","template":"","meta":{"_monsterinsights_skip_tracking":false,"_monsterinsights_sitenote_active":false,"_monsterinsights_sitenote_note":"","_monsterinsights_sitenote_category":0,"footnotes":""},"class_list":["post-267","page","type-page","status-publish","hentry"],"yoast_head":"<!-- This site is optimized with the Yoast SEO plugin v27.3 - https:\/\/yoast.com\/product\/yoast-seo-wordpress\/ -->\n<title>Roztoky Na \u010co\u010dky V Opav\u011b | O\u010dn\u00ed Centrum Vidum<\/title>\n<meta name=\"description\" content=\"O\u010dn\u00ed Centrum Vidum nab\u00edz\u00ed \u0161irokou \u0161k\u00e1lu rotok\u016f na \u010do\u010dky, kter\u00e9 zbavuj\u00ed kontaktn\u00ed \u010do\u010dky usazenin, dezinfikuj\u00ed, zvlh\u010duj\u00ed a umo\u017e\u0148uj\u00ed jejich bezpe\u010dn\u00e9 uchov\u00e1n\u00ed.\" \/>\n<meta name=\"robots\" content=\"index, follow, max-snippet:-1, max-image-preview:large, max-video-preview:-1\" \/>\n<link rel=\"canonical\" href=\"https:\/\/www.vidum.cz\/index.php\/roztoky-na-cocky\/\" \/>\n<meta property=\"og:locale\" content=\"cs_CZ\" \/>\n<meta property=\"og:type\" content=\"article\" \/>\n<meta property=\"og:title\" content=\"Roztoky Na \u010co\u010dky V Opav\u011b | O\u010dn\u00ed Centrum Vidum\" \/>\n<meta property=\"og:description\" content=\"O\u010dn\u00ed Centrum Vidum nab\u00edz\u00ed \u0161irokou \u0161k\u00e1lu rotok\u016f na \u010do\u010dky, kter\u00e9 zbavuj\u00ed kontaktn\u00ed \u010do\u010dky usazenin, dezinfikuj\u00ed, zvlh\u010duj\u00ed a umo\u017e\u0148uj\u00ed jejich bezpe\u010dn\u00e9 uchov\u00e1n\u00ed.\" \/>\n<meta property=\"og:url\" content=\"https:\/\/www.vidum.cz\/index.php\/roztoky-na-cocky\/\" \/>\n<meta property=\"og:site_name\" content=\"Vidum\" \/>\n<meta property=\"article:modified_time\" content=\"2018-06-15T07:47:11+00:00\" \/>\n<meta name=\"twitter:label1\" content=\"Odhadovan\u00e1 doba \u010dten\u00ed\" \/>\n\t<meta name=\"twitter:data1\" content=\"3 minuty\" \/>\n<script type=\"application\/ld+json\" class=\"yoast-schema-graph\">{\"@context\":\"https:\\\/\\\/schema.org\",\"@graph\":[{\"@type\":\"WebPage\",\"@id\":\"https:\\\/\\\/www.vidum.cz\\\/index.php\\\/roztoky-na-cocky\\\/\",\"url\":\"https:\\\/\\\/www.vidum.cz\\\/index.php\\\/roztoky-na-cocky\\\/\",\"name\":\"Roztoky Na \u010co\u010dky V Opav\u011b | O\u010dn\u00ed Centrum Vidum\",\"isPartOf\":{\"@id\":\"https:\\\/\\\/www.vidum.cz\\\/#website\"},\"datePublished\":\"2014-09-25T19:31:35+00:00\",\"dateModified\":\"2018-06-15T07:47:11+00:00\",\"description\":\"O\u010dn\u00ed Centrum Vidum nab\u00edz\u00ed \u0161irokou \u0161k\u00e1lu rotok\u016f na \u010do\u010dky, kter\u00e9 zbavuj\u00ed kontaktn\u00ed \u010do\u010dky usazenin, dezinfikuj\u00ed, zvlh\u010duj\u00ed a umo\u017e\u0148uj\u00ed jejich bezpe\u010dn\u00e9 uchov\u00e1n\u00ed.\",\"breadcrumb\":{\"@id\":\"https:\\\/\\\/www.vidum.cz\\\/index.php\\\/roztoky-na-cocky\\\/#breadcrumb\"},\"inLanguage\":\"cs\",\"potentialAction\":[{\"@type\":\"ReadAction\",\"target\":[\"https:\\\/\\\/www.vidum.cz\\\/index.php\\\/roztoky-na-cocky\\\/\"]}]},{\"@type\":\"BreadcrumbList\",\"@id\":\"https:\\\/\\\/www.vidum.cz\\\/index.php\\\/roztoky-na-cocky\\\/#breadcrumb\",\"itemListElement\":[{\"@type\":\"ListItem\",\"position\":1,\"name\":\"Dom\u016f\",\"item\":\"https:\\\/\\\/www.vidum.cz\\\/\"},{\"@type\":\"ListItem\",\"position\":2,\"name\":\"Roztoky na \u010do\u010dky\"}]},{\"@type\":\"WebSite\",\"@id\":\"https:\\\/\\\/www.vidum.cz\\\/#website\",\"url\":\"https:\\\/\\\/www.vidum.cz\\\/\",\"name\":\"Vidum\",\"description\":\"O\u010dn\u00ed centrum Vidum\",\"potentialAction\":[{\"@type\":\"SearchAction\",\"target\":{\"@type\":\"EntryPoint\",\"urlTemplate\":\"https:\\\/\\\/www.vidum.cz\\\/?s={search_term_string}\"},\"query-input\":{\"@type\":\"PropertyValueSpecification\",\"valueRequired\":true,\"valueName\":\"search_term_string\"}}],\"inLanguage\":\"cs\"}]}<\/script>\n<!-- \/ Yoast SEO plugin. -->","yoast_head_json":{"title":"Roztoky Na \u010co\u010dky V Opav\u011b | O\u010dn\u00ed Centrum Vidum","description":"O\u010dn\u00ed Centrum Vidum nab\u00edz\u00ed \u0161irokou \u0161k\u00e1lu rotok\u016f na \u010do\u010dky, kter\u00e9 zbavuj\u00ed kontaktn\u00ed \u010do\u010dky usazenin, dezinfikuj\u00ed, zvlh\u010duj\u00ed a umo\u017e\u0148uj\u00ed jejich bezpe\u010dn\u00e9 uchov\u00e1n\u00ed.","robots":{"index":"index","follow":"follow","max-snippet":"max-snippet:-1","max-image-preview":"max-image-preview:large","max-video-preview":"max-video-preview:-1"},"canonical":"https:\/\/www.vidum.cz\/index.php\/roztoky-na-cocky\/","og_locale":"cs_CZ","og_type":"article","og_title":"Roztoky Na \u010co\u010dky V Opav\u011b | O\u010dn\u00ed Centrum Vidum","og_description":"O\u010dn\u00ed Centrum Vidum nab\u00edz\u00ed \u0161irokou \u0161k\u00e1lu rotok\u016f na \u010do\u010dky, kter\u00e9 zbavuj\u00ed kontaktn\u00ed \u010do\u010dky usazenin, dezinfikuj\u00ed, zvlh\u010duj\u00ed a umo\u017e\u0148uj\u00ed jejich bezpe\u010dn\u00e9 uchov\u00e1n\u00ed.","og_url":"https:\/\/www.vidum.cz\/index.php\/roztoky-na-cocky\/","og_site_name":"Vidum","article_modified_time":"2018-06-15T07:47:11+00:00","twitter_misc":{"Odhadovan\u00e1 doba \u010dten\u00ed":"3 minuty"},"schema":{"@context":"https:\/\/schema.org","@graph":[{"@type":"WebPage","@id":"https:\/\/www.vidum.cz\/index.php\/roztoky-na-cocky\/","url":"https:\/\/www.vidum.cz\/index.php\/roztoky-na-cocky\/","name":"Roztoky Na \u010co\u010dky V Opav\u011b | O\u010dn\u00ed Centrum Vidum","isPartOf":{"@id":"https:\/\/www.vidum.cz\/#website"},"datePublished":"2014-09-25T19:31:35+00:00","dateModified":"2018-06-15T07:47:11+00:00","description":"O\u010dn\u00ed Centrum Vidum nab\u00edz\u00ed \u0161irokou \u0161k\u00e1lu rotok\u016f na \u010do\u010dky, kter\u00e9 zbavuj\u00ed kontaktn\u00ed \u010do\u010dky usazenin, dezinfikuj\u00ed, zvlh\u010duj\u00ed a umo\u017e\u0148uj\u00ed jejich bezpe\u010dn\u00e9 uchov\u00e1n\u00ed.","breadcrumb":{"@id":"https:\/\/www.vidum.cz\/index.php\/roztoky-na-cocky\/#breadcrumb"},"inLanguage":"cs","potentialAction":[{"@type":"ReadAction","target":["https:\/\/www.vidum.cz\/index.php\/roztoky-na-cocky\/"]}]},{"@type":"BreadcrumbList","@id":"https:\/\/www.vidum.cz\/index.php\/roztoky-na-cocky\/#breadcrumb","itemListElement":[{"@type":"ListItem","position":1,"name":"Dom\u016f","item":"https:\/\/www.vidum.cz\/"},{"@type":"ListItem","position":2,"name":"Roztoky na \u010do\u010dky"}]},{"@type":"WebSite","@id":"https:\/\/www.vidum.cz\/#website","url":"https:\/\/www.vidum.cz\/","name":"Vidum","description":"O\u010dn\u00ed centrum Vidum","potentialAction":[{"@type":"SearchAction","target":{"@type":"EntryPoint","urlTemplate":"https:\/\/www.vidum.cz\/?s={search_term_string}"},"query-input":{"@type":"PropertyValueSpecification","valueRequired":true,"valueName":"search_term_string"}}],"inLanguage":"cs"}]}},"_links":{"self":[{"href":"https:\/\/www.vidum.cz\/index.php\/wp-json\/wp\/v2\/pages\/267","targetHints":{"allow":["GET"]}}],"collection":[{"href":"https:\/\/www.vidum.cz\/index.php\/wp-json\/wp\/v2\/pages"}],"about":[{"href":"https:\/\/www.vidum.cz\/index.php\/wp-json\/wp\/v2\/types\/page"}],"author":[{"embeddable":true,"href":"https:\/\/www.vidum.cz\/index.php\/wp-json\/wp\/v2\/users\/1"}],"replies":[{"embeddable":true,"href":"https:\/\/www.vidum.cz\/index.php\/wp-json\/wp\/v2\/comments?post=267"}],"version-history":[{"count":6,"href":"https:\/\/www.vidum.cz\/index.php\/wp-json\/wp\/v2\/pages\/267\/revisions"}],"predecessor-version":[{"id":514,"href":"https:\/\/www.vidum.cz\/index.php\/wp-json\/wp\/v2\/pages\/267\/revisions\/514"}],"wp:attachment":[{"href":"https:\/\/www.vidum.cz\/index.php\/wp-json\/wp\/v2\/media?parent=267"}],"curies":[{"name":"wp","href":"https:\/\/api.w.org\/{rel}","templated":true}]}}