{"id":271,"date":"2014-09-25T19:34:18","date_gmt":"2014-09-25T19:34:18","guid":{"rendered":"\/?page_id=271"},"modified":"2018-06-15T08:37:10","modified_gmt":"2018-06-15T07:37:10","slug":"lupy-a-specialni-optika","status":"publish","type":"page","link":"https:\/\/www.vidum.cz\/index.php\/lupy-a-specialni-optika\/","title":{"rendered":"Lupy a speci\u00e1ln\u00ed optika"},"content":{"rendered":"<div class=\"wpb-content-wrapper\"><p><code>[vc_row][vc_column width=\"2\/3\"][vc_column_text]<\/code><\/p>\n<h2><strong>Lupy<\/strong><\/h2>\n<p>Mnoho lid\u00ed pot\u0159ebuje ke sv\u00e9mu \u017eivotu nebo pro sv\u016fj kon\u00ed\u010dek zv\u011bt\u0161ovac\u00ed sklo. A\u00a0p\u0159edev\u0161\u00edm lid\u00e9, kte\u0159\u00ed r\u00e1di \u010dtou, ale sl\u00e1bnouc\u00ed zrak jim to stale v\u00edce znesnad\u0148uje. V\u0161ichni tito u\u017eivatel\u00e9 u n\u00e1s najdou bohat\u00fd v\u00fdb\u011br lup a zv\u011bt\u0161ovac\u00edch skel z katalogu nejr\u016fzn\u011bj\u0161\u00edch proveden\u00ed a velikost\u00ed. P\u0159\u00edj\u010fte k n\u00e1m, r\u00e1di V\u00e1m porad\u00edme.[\/vc_column_text][\/vc_column][vc_column width=&#8220;1\/3&#8243;][vc_single_image image=&#8220;459&#8243; img_link_target=&#8220;_self&#8220; img_size=&#8220;medium&#8220;][\/vc_column][\/vc_row][vc_row][vc_column width=&#8220;1\/1&#8243;][vc_separator][\/vc_column][\/vc_row][vc_row][vc_column width=&#8220;2\/3&#8243;][vc_column_text]<\/p>\n<h2><\/h2>\n<h2><strong>Dalekohledy<\/strong><\/h2>\n<p>Nab\u00edz\u00edme V\u00e1m \u0161irokou \u0161k\u00e1lu dalekohled\u016f a divadeln\u00edch kuk\u00e1tek v r\u016fzn\u00e9m proveden\u00ed pro nej\u0161ir\u0161\u00ed pou\u017eit\u00ed. Obl\u00edben\u00e9 jsou zejm\u00e9na p\u0159\u00edstroje k pou\u017eit\u00ed p\u0159i sportu a cestov\u00e1n\u00ed, dal\u0161\u00ed kategorie tvo\u0159\u00ed vodot\u011bsn\u00e9 apar\u00e1ty a p\u0159\u00edstroje pro no\u010dn\u00ed vid\u011bn\u00ed. Vyberou si u n\u00e1s i myslivci a milovn\u00edci p\u0159\u00edrody stejn\u011b jako n\u00e1v\u0161t\u011bvn\u00edci divadel.[\/vc_column_text][\/vc_column][vc_column width=&#8220;1\/3&#8243;][vc_single_image image=&#8220;457&#8243; img_link_target=&#8220;_self&#8220; img_size=&#8220;medium&#8220;][\/vc_column][\/vc_row][vc_row][vc_column width=&#8220;1\/1&#8243;][vc_separator][\/vc_column][\/vc_row][vc_row][vc_column width=&#8220;2\/3&#8243;][vc_column_text]<\/p>\n<h2><\/h2>\n<h2><strong>Dal\u0161\u00ed dopl\u0148ky<\/strong><\/h2>\n<ul>\n<li>polariza\u010dn\u00ed klipy<\/li>\n<li>ut\u011brky na optiku, \u010distic\u00ed spreje<\/li>\n<li>had\u0159\u00edky z mikrovl\u00e1kna<\/li>\n<li>okluzory d\u011btsk\u00e9<\/li>\n<li>\u0159et\u00edzky<\/li>\n<li>\u0161\u0148\u016frky<\/li>\n<li>pouzdra na br\u00fdle<\/li>\n<li>barometry<\/li>\n<\/ul>\n<p>[\/vc_column_text][\/vc_column][vc_column width=&#8220;1\/3&#8243;][vc_single_image image=&#8220;460&#8243; img_link_target=&#8220;_self&#8220; img_size=&#8220;medium&#8220;][\/vc_column][\/vc_row][vc_row][vc_column width=&#8220;1\/1&#8243;][vc_separator][\/vc_column][\/vc_row]<\/p>\n<\/div>","protected":false},"excerpt":{"rendered":"<p>[vc_row][vc_column width=&#8220;2\/3&#8243;][vc_column_text] Lupy Mnoho lid\u00ed pot\u0159ebuje ke sv\u00e9mu \u017eivotu nebo pro sv\u016fj kon\u00ed\u010dek zv\u011bt\u0161ovac\u00ed sklo. A\u00a0p\u0159edev\u0161\u00edm lid\u00e9, kte\u0159\u00ed r\u00e1di \u010dtou, ale sl\u00e1bnouc\u00ed zrak jim to stale v\u00edce znesnad\u0148uje. V\u0161ichni tito u\u017eivatel\u00e9 u n\u00e1s najdou bohat\u00fd v\u00fdb\u011br lup a zv\u011bt\u0161ovac\u00edch skel z katalogu nejr\u016fzn\u011bj\u0161\u00edch proveden\u00ed a velikost\u00ed. P\u0159\u00edj\u010fte k n\u00e1m, r\u00e1di V\u00e1m porad\u00edme.[\/vc_column_text][\/vc_column][vc_column width=&#8220;1\/3&#8243;][vc_single_image image=&#8220;459&#8243; img_link_target=&#8220;_self&#8220; [&hellip;]<\/p>\n","protected":false},"author":1,"featured_media":0,"parent":0,"menu_order":0,"comment_status":"open","ping_status":"open","template":"","meta":{"_monsterinsights_skip_tracking":false,"_monsterinsights_sitenote_active":false,"_monsterinsights_sitenote_note":"","_monsterinsights_sitenote_category":0,"footnotes":""},"class_list":["post-271","page","type-page","status-publish","hentry"],"yoast_head":"<!-- This site is optimized with the Yoast SEO plugin v27.3 - https:\/\/yoast.com\/product\/yoast-seo-wordpress\/ -->\n<title>Lupy, Dalekohledy A Dopl\u0148ky V Opav\u011b | O\u010dn\u00ed Centrum Vidum<\/title>\n<meta name=\"description\" content=\"O\u010dn\u00ed Centrum Vidum nab\u00edz\u00ed \u0161irokou \u0161k\u00e1lu speci\u00e1ln\u00ed optiky, jako jsou lupy, dalekohledy, polariza\u010dn\u00ed klipy a a dal\u0161\u00ed dopl\u0148ky.\" \/>\n<meta name=\"robots\" content=\"index, follow, max-snippet:-1, max-image-preview:large, max-video-preview:-1\" \/>\n<link rel=\"canonical\" href=\"https:\/\/www.vidum.cz\/index.php\/lupy-a-specialni-optika\/\" \/>\n<meta property=\"og:locale\" content=\"cs_CZ\" \/>\n<meta property=\"og:type\" content=\"article\" \/>\n<meta property=\"og:title\" content=\"Lupy, Dalekohledy A Dopl\u0148ky V Opav\u011b | O\u010dn\u00ed Centrum Vidum\" \/>\n<meta property=\"og:description\" content=\"O\u010dn\u00ed Centrum Vidum nab\u00edz\u00ed \u0161irokou \u0161k\u00e1lu speci\u00e1ln\u00ed optiky, jako jsou lupy, dalekohledy, polariza\u010dn\u00ed klipy a a dal\u0161\u00ed dopl\u0148ky.\" \/>\n<meta property=\"og:url\" content=\"https:\/\/www.vidum.cz\/index.php\/lupy-a-specialni-optika\/\" \/>\n<meta property=\"og:site_name\" content=\"Vidum\" \/>\n<meta property=\"article:modified_time\" content=\"2018-06-15T07:37:10+00:00\" \/>\n<meta name=\"twitter:label1\" content=\"Odhadovan\u00e1 doba \u010dten\u00ed\" \/>\n\t<meta name=\"twitter:data1\" content=\"2 minuty\" \/>\n<script type=\"application\/ld+json\" class=\"yoast-schema-graph\">{\"@context\":\"https:\\\/\\\/schema.org\",\"@graph\":[{\"@type\":\"WebPage\",\"@id\":\"https:\\\/\\\/www.vidum.cz\\\/index.php\\\/lupy-a-specialni-optika\\\/\",\"url\":\"https:\\\/\\\/www.vidum.cz\\\/index.php\\\/lupy-a-specialni-optika\\\/\",\"name\":\"Lupy, Dalekohledy A Dopl\u0148ky V Opav\u011b | O\u010dn\u00ed Centrum Vidum\",\"isPartOf\":{\"@id\":\"https:\\\/\\\/www.vidum.cz\\\/#website\"},\"datePublished\":\"2014-09-25T19:34:18+00:00\",\"dateModified\":\"2018-06-15T07:37:10+00:00\",\"description\":\"O\u010dn\u00ed Centrum Vidum nab\u00edz\u00ed \u0161irokou \u0161k\u00e1lu speci\u00e1ln\u00ed optiky, jako jsou lupy, dalekohledy, polariza\u010dn\u00ed klipy a a dal\u0161\u00ed dopl\u0148ky.\",\"breadcrumb\":{\"@id\":\"https:\\\/\\\/www.vidum.cz\\\/index.php\\\/lupy-a-specialni-optika\\\/#breadcrumb\"},\"inLanguage\":\"cs\",\"potentialAction\":[{\"@type\":\"ReadAction\",\"target\":[\"https:\\\/\\\/www.vidum.cz\\\/index.php\\\/lupy-a-specialni-optika\\\/\"]}]},{\"@type\":\"BreadcrumbList\",\"@id\":\"https:\\\/\\\/www.vidum.cz\\\/index.php\\\/lupy-a-specialni-optika\\\/#breadcrumb\",\"itemListElement\":[{\"@type\":\"ListItem\",\"position\":1,\"name\":\"Dom\u016f\",\"item\":\"https:\\\/\\\/www.vidum.cz\\\/\"},{\"@type\":\"ListItem\",\"position\":2,\"name\":\"Lupy a speci\u00e1ln\u00ed optika\"}]},{\"@type\":\"WebSite\",\"@id\":\"https:\\\/\\\/www.vidum.cz\\\/#website\",\"url\":\"https:\\\/\\\/www.vidum.cz\\\/\",\"name\":\"Vidum\",\"description\":\"O\u010dn\u00ed centrum Vidum\",\"potentialAction\":[{\"@type\":\"SearchAction\",\"target\":{\"@type\":\"EntryPoint\",\"urlTemplate\":\"https:\\\/\\\/www.vidum.cz\\\/?s={search_term_string}\"},\"query-input\":{\"@type\":\"PropertyValueSpecification\",\"valueRequired\":true,\"valueName\":\"search_term_string\"}}],\"inLanguage\":\"cs\"}]}<\/script>\n<!-- \/ Yoast SEO plugin. -->","yoast_head_json":{"title":"Lupy, Dalekohledy A Dopl\u0148ky V Opav\u011b | O\u010dn\u00ed Centrum Vidum","description":"O\u010dn\u00ed Centrum Vidum nab\u00edz\u00ed \u0161irokou \u0161k\u00e1lu speci\u00e1ln\u00ed optiky, jako jsou lupy, dalekohledy, polariza\u010dn\u00ed klipy a a dal\u0161\u00ed dopl\u0148ky.","robots":{"index":"index","follow":"follow","max-snippet":"max-snippet:-1","max-image-preview":"max-image-preview:large","max-video-preview":"max-video-preview:-1"},"canonical":"https:\/\/www.vidum.cz\/index.php\/lupy-a-specialni-optika\/","og_locale":"cs_CZ","og_type":"article","og_title":"Lupy, Dalekohledy A Dopl\u0148ky V Opav\u011b | O\u010dn\u00ed Centrum Vidum","og_description":"O\u010dn\u00ed Centrum Vidum nab\u00edz\u00ed \u0161irokou \u0161k\u00e1lu speci\u00e1ln\u00ed optiky, jako jsou lupy, dalekohledy, polariza\u010dn\u00ed klipy a a dal\u0161\u00ed dopl\u0148ky.","og_url":"https:\/\/www.vidum.cz\/index.php\/lupy-a-specialni-optika\/","og_site_name":"Vidum","article_modified_time":"2018-06-15T07:37:10+00:00","twitter_misc":{"Odhadovan\u00e1 doba \u010dten\u00ed":"2 minuty"},"schema":{"@context":"https:\/\/schema.org","@graph":[{"@type":"WebPage","@id":"https:\/\/www.vidum.cz\/index.php\/lupy-a-specialni-optika\/","url":"https:\/\/www.vidum.cz\/index.php\/lupy-a-specialni-optika\/","name":"Lupy, Dalekohledy A Dopl\u0148ky V Opav\u011b | O\u010dn\u00ed Centrum Vidum","isPartOf":{"@id":"https:\/\/www.vidum.cz\/#website"},"datePublished":"2014-09-25T19:34:18+00:00","dateModified":"2018-06-15T07:37:10+00:00","description":"O\u010dn\u00ed Centrum Vidum nab\u00edz\u00ed \u0161irokou \u0161k\u00e1lu speci\u00e1ln\u00ed optiky, jako jsou lupy, dalekohledy, polariza\u010dn\u00ed klipy a a dal\u0161\u00ed dopl\u0148ky.","breadcrumb":{"@id":"https:\/\/www.vidum.cz\/index.php\/lupy-a-specialni-optika\/#breadcrumb"},"inLanguage":"cs","potentialAction":[{"@type":"ReadAction","target":["https:\/\/www.vidum.cz\/index.php\/lupy-a-specialni-optika\/"]}]},{"@type":"BreadcrumbList","@id":"https:\/\/www.vidum.cz\/index.php\/lupy-a-specialni-optika\/#breadcrumb","itemListElement":[{"@type":"ListItem","position":1,"name":"Dom\u016f","item":"https:\/\/www.vidum.cz\/"},{"@type":"ListItem","position":2,"name":"Lupy a speci\u00e1ln\u00ed optika"}]},{"@type":"WebSite","@id":"https:\/\/www.vidum.cz\/#website","url":"https:\/\/www.vidum.cz\/","name":"Vidum","description":"O\u010dn\u00ed centrum Vidum","potentialAction":[{"@type":"SearchAction","target":{"@type":"EntryPoint","urlTemplate":"https:\/\/www.vidum.cz\/?s={search_term_string}"},"query-input":{"@type":"PropertyValueSpecification","valueRequired":true,"valueName":"search_term_string"}}],"inLanguage":"cs"}]}},"_links":{"self":[{"href":"https:\/\/www.vidum.cz\/index.php\/wp-json\/wp\/v2\/pages\/271","targetHints":{"allow":["GET"]}}],"collection":[{"href":"https:\/\/www.vidum.cz\/index.php\/wp-json\/wp\/v2\/pages"}],"about":[{"href":"https:\/\/www.vidum.cz\/index.php\/wp-json\/wp\/v2\/types\/page"}],"author":[{"embeddable":true,"href":"https:\/\/www.vidum.cz\/index.php\/wp-json\/wp\/v2\/users\/1"}],"replies":[{"embeddable":true,"href":"https:\/\/www.vidum.cz\/index.php\/wp-json\/wp\/v2\/comments?post=271"}],"version-history":[{"count":10,"href":"https:\/\/www.vidum.cz\/index.php\/wp-json\/wp\/v2\/pages\/271\/revisions"}],"predecessor-version":[{"id":455,"href":"https:\/\/www.vidum.cz\/index.php\/wp-json\/wp\/v2\/pages\/271\/revisions\/455"}],"wp:attachment":[{"href":"https:\/\/www.vidum.cz\/index.php\/wp-json\/wp\/v2\/media?parent=271"}],"curies":[{"name":"wp","href":"https:\/\/api.w.org\/{rel}","templated":true}]}}