{"id":303,"date":"2014-09-25T20:08:34","date_gmt":"2014-09-25T20:08:34","guid":{"rendered":"\/?page_id=303"},"modified":"2018-06-15T08:53:28","modified_gmt":"2018-06-15T07:53:28","slug":"vyvoj-zraku-a-zrakove-vady-2","status":"publish","type":"page","link":"https:\/\/www.vidum.cz\/index.php\/vyvoj-zraku-a-zrakove-vady-2\/","title":{"rendered":"V\u00fdvoj zraku a jeho vady"},"content":{"rendered":"","protected":false},"excerpt":{"rendered":"","protected":false},"author":1,"featured_media":0,"parent":0,"menu_order":0,"comment_status":"open","ping_status":"open","template":"template_full_slider.php","meta":{"_monsterinsights_skip_tracking":false,"_monsterinsights_sitenote_active":false,"_monsterinsights_sitenote_note":"","_monsterinsights_sitenote_category":0,"footnotes":""},"class_list":["post-303","page","type-page","status-publish","hentry"],"yoast_head":"<!-- This site is optimized with the Yoast SEO plugin v27.3 - https:\/\/yoast.com\/product\/yoast-seo-wordpress\/ -->\n<title>V\u00fdvoj Zraku A Jeho Vady | O\u010dn\u00ed Centrum Vidum, Opava<\/title>\n<meta name=\"description\" content=\"P\u0159e\u010dt\u011bte si o tom jak se zrak u d\u011bt\u00ed vyv\u00edj\u00ed a jak jeho vady vznikaj\u00ed. O\u010dn\u00ed Centrum Vidum, Opava\" \/>\n<meta name=\"robots\" content=\"index, follow, max-snippet:-1, max-image-preview:large, max-video-preview:-1\" \/>\n<link rel=\"canonical\" href=\"https:\/\/www.vidum.cz\/index.php\/vyvoj-zraku-a-zrakove-vady-2\/\" \/>\n<meta property=\"og:locale\" content=\"cs_CZ\" \/>\n<meta property=\"og:type\" content=\"article\" \/>\n<meta property=\"og:title\" content=\"V\u00fdvoj Zraku A Jeho Vady | O\u010dn\u00ed Centrum Vidum, Opava\" \/>\n<meta property=\"og:description\" content=\"P\u0159e\u010dt\u011bte si o tom jak se zrak u d\u011bt\u00ed vyv\u00edj\u00ed a jak jeho vady vznikaj\u00ed. O\u010dn\u00ed Centrum Vidum, Opava\" \/>\n<meta property=\"og:url\" content=\"https:\/\/www.vidum.cz\/index.php\/vyvoj-zraku-a-zrakove-vady-2\/\" \/>\n<meta property=\"og:site_name\" content=\"Vidum\" \/>\n<meta property=\"article:modified_time\" content=\"2018-06-15T07:53:28+00:00\" \/>\n<script type=\"application\/ld+json\" class=\"yoast-schema-graph\">{\"@context\":\"https:\\\/\\\/schema.org\",\"@graph\":[{\"@type\":\"WebPage\",\"@id\":\"https:\\\/\\\/www.vidum.cz\\\/index.php\\\/vyvoj-zraku-a-zrakove-vady-2\\\/\",\"url\":\"https:\\\/\\\/www.vidum.cz\\\/index.php\\\/vyvoj-zraku-a-zrakove-vady-2\\\/\",\"name\":\"V\u00fdvoj Zraku A Jeho Vady | O\u010dn\u00ed Centrum Vidum, Opava\",\"isPartOf\":{\"@id\":\"https:\\\/\\\/www.vidum.cz\\\/#website\"},\"datePublished\":\"2014-09-25T20:08:34+00:00\",\"dateModified\":\"2018-06-15T07:53:28+00:00\",\"description\":\"P\u0159e\u010dt\u011bte si o tom jak se zrak u d\u011bt\u00ed vyv\u00edj\u00ed a jak jeho vady vznikaj\u00ed. O\u010dn\u00ed Centrum Vidum, Opava\",\"breadcrumb\":{\"@id\":\"https:\\\/\\\/www.vidum.cz\\\/index.php\\\/vyvoj-zraku-a-zrakove-vady-2\\\/#breadcrumb\"},\"inLanguage\":\"cs\",\"potentialAction\":[{\"@type\":\"ReadAction\",\"target\":[\"https:\\\/\\\/www.vidum.cz\\\/index.php\\\/vyvoj-zraku-a-zrakove-vady-2\\\/\"]}]},{\"@type\":\"BreadcrumbList\",\"@id\":\"https:\\\/\\\/www.vidum.cz\\\/index.php\\\/vyvoj-zraku-a-zrakove-vady-2\\\/#breadcrumb\",\"itemListElement\":[{\"@type\":\"ListItem\",\"position\":1,\"name\":\"Dom\u016f\",\"item\":\"https:\\\/\\\/www.vidum.cz\\\/\"},{\"@type\":\"ListItem\",\"position\":2,\"name\":\"V\u00fdvoj zraku a jeho vady\"}]},{\"@type\":\"WebSite\",\"@id\":\"https:\\\/\\\/www.vidum.cz\\\/#website\",\"url\":\"https:\\\/\\\/www.vidum.cz\\\/\",\"name\":\"Vidum\",\"description\":\"O\u010dn\u00ed centrum Vidum\",\"potentialAction\":[{\"@type\":\"SearchAction\",\"target\":{\"@type\":\"EntryPoint\",\"urlTemplate\":\"https:\\\/\\\/www.vidum.cz\\\/?s={search_term_string}\"},\"query-input\":{\"@type\":\"PropertyValueSpecification\",\"valueRequired\":true,\"valueName\":\"search_term_string\"}}],\"inLanguage\":\"cs\"}]}<\/script>\n<!-- \/ Yoast SEO plugin. -->","yoast_head_json":{"title":"V\u00fdvoj Zraku A Jeho Vady | O\u010dn\u00ed Centrum Vidum, Opava","description":"P\u0159e\u010dt\u011bte si o tom jak se zrak u d\u011bt\u00ed vyv\u00edj\u00ed a jak jeho vady vznikaj\u00ed. O\u010dn\u00ed Centrum Vidum, Opava","robots":{"index":"index","follow":"follow","max-snippet":"max-snippet:-1","max-image-preview":"max-image-preview:large","max-video-preview":"max-video-preview:-1"},"canonical":"https:\/\/www.vidum.cz\/index.php\/vyvoj-zraku-a-zrakove-vady-2\/","og_locale":"cs_CZ","og_type":"article","og_title":"V\u00fdvoj Zraku A Jeho Vady | O\u010dn\u00ed Centrum Vidum, Opava","og_description":"P\u0159e\u010dt\u011bte si o tom jak se zrak u d\u011bt\u00ed vyv\u00edj\u00ed a jak jeho vady vznikaj\u00ed. O\u010dn\u00ed Centrum Vidum, Opava","og_url":"https:\/\/www.vidum.cz\/index.php\/vyvoj-zraku-a-zrakove-vady-2\/","og_site_name":"Vidum","article_modified_time":"2018-06-15T07:53:28+00:00","schema":{"@context":"https:\/\/schema.org","@graph":[{"@type":"WebPage","@id":"https:\/\/www.vidum.cz\/index.php\/vyvoj-zraku-a-zrakove-vady-2\/","url":"https:\/\/www.vidum.cz\/index.php\/vyvoj-zraku-a-zrakove-vady-2\/","name":"V\u00fdvoj Zraku A Jeho Vady | O\u010dn\u00ed Centrum Vidum, Opava","isPartOf":{"@id":"https:\/\/www.vidum.cz\/#website"},"datePublished":"2014-09-25T20:08:34+00:00","dateModified":"2018-06-15T07:53:28+00:00","description":"P\u0159e\u010dt\u011bte si o tom jak se zrak u d\u011bt\u00ed vyv\u00edj\u00ed a jak jeho vady vznikaj\u00ed. O\u010dn\u00ed Centrum Vidum, Opava","breadcrumb":{"@id":"https:\/\/www.vidum.cz\/index.php\/vyvoj-zraku-a-zrakove-vady-2\/#breadcrumb"},"inLanguage":"cs","potentialAction":[{"@type":"ReadAction","target":["https:\/\/www.vidum.cz\/index.php\/vyvoj-zraku-a-zrakove-vady-2\/"]}]},{"@type":"BreadcrumbList","@id":"https:\/\/www.vidum.cz\/index.php\/vyvoj-zraku-a-zrakove-vady-2\/#breadcrumb","itemListElement":[{"@type":"ListItem","position":1,"name":"Dom\u016f","item":"https:\/\/www.vidum.cz\/"},{"@type":"ListItem","position":2,"name":"V\u00fdvoj zraku a jeho vady"}]},{"@type":"WebSite","@id":"https:\/\/www.vidum.cz\/#website","url":"https:\/\/www.vidum.cz\/","name":"Vidum","description":"O\u010dn\u00ed centrum Vidum","potentialAction":[{"@type":"SearchAction","target":{"@type":"EntryPoint","urlTemplate":"https:\/\/www.vidum.cz\/?s={search_term_string}"},"query-input":{"@type":"PropertyValueSpecification","valueRequired":true,"valueName":"search_term_string"}}],"inLanguage":"cs"}]}},"_links":{"self":[{"href":"https:\/\/www.vidum.cz\/index.php\/wp-json\/wp\/v2\/pages\/303","targetHints":{"allow":["GET"]}}],"collection":[{"href":"https:\/\/www.vidum.cz\/index.php\/wp-json\/wp\/v2\/pages"}],"about":[{"href":"https:\/\/www.vidum.cz\/index.php\/wp-json\/wp\/v2\/types\/page"}],"author":[{"embeddable":true,"href":"https:\/\/www.vidum.cz\/index.php\/wp-json\/wp\/v2\/users\/1"}],"replies":[{"embeddable":true,"href":"https:\/\/www.vidum.cz\/index.php\/wp-json\/wp\/v2\/comments?post=303"}],"version-history":[{"count":2,"href":"https:\/\/www.vidum.cz\/index.php\/wp-json\/wp\/v2\/pages\/303\/revisions"}],"predecessor-version":[{"id":381,"href":"https:\/\/www.vidum.cz\/index.php\/wp-json\/wp\/v2\/pages\/303\/revisions\/381"}],"wp:attachment":[{"href":"https:\/\/www.vidum.cz\/index.php\/wp-json\/wp\/v2\/media?parent=303"}],"curies":[{"name":"wp","href":"https:\/\/api.w.org\/{rel}","templated":true}]}}

Vývoj zraku a jeho vady

<!-- This site is optimized with the Yoast SEO plugin v27.3 - https://yoast.com/product/yoast-seo-wordpress/ -->
<title>Vývoj Zraku A Jeho Vady | Oční Centrum Vidum, Opava</title>
<meta name="description" content="Přečtěte si o tom jak se zrak u dětí vyvíjí a jak jeho vady vznikají. Oční Centrum Vidum, Opava" />
<meta name="robots" content="index, follow, max-snippet:-1, max-image-preview:large, max-video-preview:-1" />
<link rel="canonical" href="https://www.vidum.cz/index.php/vyvoj-zraku-a-zrakove-vady-2/" />
<meta property="og:locale" content="cs_CZ" />
<meta property="og:type" content="article" />
<meta property="og:title" content="Vývoj Zraku A Jeho Vady | Oční Centrum Vidum, Opava" />
<meta property="og:description" content="Přečtěte si o tom jak se zrak u dětí vyvíjí a jak jeho vady vznikají. Oční Centrum Vidum, Opava" />
<meta property="og:url" content="https://www.vidum.cz/index.php/vyvoj-zraku-a-zrakove-vady-2/" />
<meta property="og:site_name" content="Vidum" />
<meta property="article:modified_time" content="2018-06-15T07:53:28+00:00" />
<script type="application/ld+json" class="yoast-schema-graph">{"@context":"https:\/\/schema.org","@graph":[{"@type":"WebPage","@id":"https:\/\/www.vidum.cz\/index.php\/vyvoj-zraku-a-zrakove-vady-2\/","url":"https:\/\/www.vidum.cz\/index.php\/vyvoj-zraku-a-zrakove-vady-2\/","name":"Vývoj Zraku A Jeho Vady | Oční Centrum Vidum, Opava","isPartOf":{"@id":"https:\/\/www.vidum.cz\/#website"},"datePublished":"2014-09-25T20:08:34+00:00","dateModified":"2018-06-15T07:53:28+00:00","description":"Přečtěte si o tom jak se zrak u dětí vyvíjí a jak jeho vady vznikají. Oční Centrum Vidum, Opava","breadcrumb":{"@id":"https:\/\/www.vidum.cz\/index.php\/vyvoj-zraku-a-zrakove-vady-2\/#breadcrumb"},"inLanguage":"cs","potentialAction":[{"@type":"ReadAction","target":["https:\/\/www.vidum.cz\/index.php\/vyvoj-zraku-a-zrakove-vady-2\/"]}]},{"@type":"BreadcrumbList","@id":"https:\/\/www.vidum.cz\/index.php\/vyvoj-zraku-a-zrakove-vady-2\/#breadcrumb","itemListElement":[{"@type":"ListItem","position":1,"name":"Domů","item":"https:\/\/www.vidum.cz\/"},{"@type":"ListItem","position":2,"name":"Vývoj zraku a jeho vady"}]},{"@type":"WebSite","@id":"https:\/\/www.vidum.cz\/#website","url":"https:\/\/www.vidum.cz\/","name":"Vidum","description":"Oční centrum Vidum","potentialAction":[{"@type":"SearchAction","target":{"@type":"EntryPoint","urlTemplate":"https:\/\/www.vidum.cz\/?s={search_term_string}"},"query-input":{"@type":"PropertyValueSpecification","valueRequired":true,"valueName":"search_term_string"}}],"inLanguage":"cs"}]}</script>
<!-- / Yoast SEO plugin. -->

Vývoj Zraku A Jeho Vady | Oční Centrum Vidum, Opava

Přečtěte si o tom jak se zrak u dětí vyvíjí a jak jeho vady vznikají. Oční Centrum Vidum, Opava

Domů

Oční centrum Vidum
