{"id":813,"date":"2016-01-28T15:28:19","date_gmt":"2016-01-28T14:28:19","guid":{"rendered":"http:\/\/www.vidum.cz\/?page_id=813"},"modified":"2019-02-07T10:44:06","modified_gmt":"2019-02-07T09:44:06","slug":"ostrovid-2-2","status":"publish","type":"page","link":"https:\/\/www.vidum.cz\/index.php\/ostrovid-2-2\/","title":{"rendered":"Ostrovid"},"content":{"rendered":"<div class=\"wpb-content-wrapper\"><p>[vc_row][vc_column][vc_single_image image=&#8220;838&#8243; css_animation=&#8220;left-to-right&#8220;][vc_column_text]<\/p>\n<h1>Ostrovid, o. p. s.<\/h1>\n<p>&nbsp;<\/p>\n<p style=\"text-align: justify;\">My\u0161lenka zalo\u017eit Sdru\u017een\u00ed Ostrovid zr\u00e1la postupn\u011b n\u011bkolik let. Jej\u00edm z\u00e1kladem byla skute\u010dnost, \u017ee jsme se jako pracovn\u00edci ran\u00e9 p\u00e9\u010de a o\u010dn\u00ed optiky setk\u00e1vali s\u00a0d\u011btmi, kter\u00e9 k\u00a0n\u00e1m p\u0159ich\u00e1zely s\u00a0pozd\u011b odhalenou zrakovou vadou. D\u011bti, kter\u00e9 by p\u0159i v\u010dasn\u00e9 diagnostice a n\u00e1sledn\u00e9 c\u00edlen\u00e9 p\u00e9\u010di mohly\u00a0b\u00fdt pln\u011b rozcvi\u010den\u00e9, \u010di vhodn\u011b kompenzovan\u00e9.<\/p>\n<p style=\"text-align: justify;\">Proto jsme\u00a0v\u00a0\u0159\u00edjnu\u00a0roku 2010 zalo\u017eili Ob\u010dansk\u00e9 sdru\u017een\u00ed Ostrovid s lidma, kte\u0159\u00ed pracuj\u00ed dlouh\u00e1 l\u00e9ta v\u00a0oboru stimulace zraku a zrakov\u00e9 terapie. Nedlouho pot\u00e9 se k\u00a0n\u00e1m p\u0159idali tak\u00e9 dal\u0161\u00ed rodi\u010de, kter\u00e9 my\u0161lenka v\u011bnovat se podpo\u0159e zdrav\u00e9ho vid\u011bn\u00ed u d\u011bt\u00ed skute\u010dn\u011b zaujala.<\/p>\n<p style=\"text-align: justify;\">Svou \u010dinnost\u00ed chceme nab\u00eddnout to, co je v\u00a0sou\u010dasn\u00e9 dob\u011b v\u00a0Moravskoslezsk\u00e9m kraji\u00a0nedostupn\u00e9 &#8211; dopln\u011bn\u00ed mezery v p\u00e9\u010di o d\u011bti s\u00a0posti\u017een\u00edm zraku a v oblasti prevence vzniku zrakov\u00fdch vad u d\u011bt\u00ed.<\/p>\n<p style=\"text-align: justify;\">[\/vc_column_text][\/vc_column][\/vc_row][vc_row][vc_column width=&#8220;1\/1&#8243;][vc_button title=&#8220;V\u00edce zde&#8220; target=&#8220;_blank&#8220; href=&#8220;http:\/\/ostrovid.webnode.cz\/&#8220;][\/vc_column][\/vc_row][vc_row][vc_column width=&#8220;1\/1&#8243;]<div class=\"recentfolio_ul_wp cf twelve pirenko_gallery\"><div id=\"iso_gallery-3142\" class=\"iso_folio shortcoded samba_iso_gallery\" data-columns=\"variable\" style=\"margin-right:-10px;margin-top:10px;\" data-margin=10><div class=\"portfolio_entry_li\" style=\"margin-bottom:10px;\" data-mfp-src=\"https:\/\/www.vidum.cz\/wp-content\/uploads\/2016\/01\/7.jpg\"><div class=\"grid_image_wrapper\"><div class=\"prk_magnificent body_bk_color\" ><div class=\"navicon-expand-2\"><\/div><\/div><div class=\"grid_single_title zero_color bd_headings_text_shadow zero_color\"><div class=\"prk_ttl\"><h3 class=\"header_font body_bk_color body_bk_text_shadow small\"><\/h3><\/div> <\/div><div class=\"grid_colored_block\"><\/div><img loading=\"lazy\" decoding=\"async\" src=\"https:\/\/www.vidum.cz\/wp-content\/uploads\/2016\/01\/7-480x480.jpg\" width=\"480\" height=\"480\" id=\"home_fader-796\" class=\"custom-img grid_image\" alt=\"\" data-featured=\"no\" \/><\/div><\/div><div class=\"portfolio_entry_li\" style=\"margin-bottom:10px;\" data-mfp-src=\"https:\/\/www.vidum.cz\/wp-content\/uploads\/2016\/01\/6.jpg\"><div class=\"grid_image_wrapper\"><div class=\"prk_magnificent body_bk_color\" ><div class=\"navicon-expand-2\"><\/div><\/div><div class=\"grid_single_title zero_color bd_headings_text_shadow zero_color\"><div class=\"prk_ttl\"><h3 class=\"header_font body_bk_color body_bk_text_shadow small\"><\/h3><\/div> <\/div><div class=\"grid_colored_block\"><\/div><img loading=\"lazy\" decoding=\"async\" src=\"https:\/\/www.vidum.cz\/wp-content\/uploads\/2016\/01\/6-480x480.jpg\" width=\"480\" height=\"480\" id=\"home_fader-795\" class=\"custom-img grid_image\" alt=\"\" data-featured=\"no\" \/><\/div><\/div><div class=\"portfolio_entry_li\" style=\"margin-bottom:10px;\" data-mfp-src=\"https:\/\/www.vidum.cz\/wp-content\/uploads\/2016\/01\/5.jpg\"><div class=\"grid_image_wrapper\"><div class=\"prk_magnificent body_bk_color\" ><div class=\"navicon-expand-2\"><\/div><\/div><div class=\"grid_single_title zero_color bd_headings_text_shadow zero_color\"><div class=\"prk_ttl\"><h3 class=\"header_font body_bk_color body_bk_text_shadow small\"><\/h3><\/div> <\/div><div class=\"grid_colored_block\"><\/div><img loading=\"lazy\" decoding=\"async\" src=\"https:\/\/www.vidum.cz\/wp-content\/uploads\/2016\/01\/5-480x480.jpg\" width=\"480\" height=\"480\" id=\"home_fader-794\" class=\"custom-img grid_image\" alt=\"\" data-featured=\"no\" \/><\/div><\/div><div class=\"portfolio_entry_li\" style=\"margin-bottom:10px;\" data-mfp-src=\"https:\/\/www.vidum.cz\/wp-content\/uploads\/2016\/01\/4.jpg\"><div class=\"grid_image_wrapper\"><div class=\"prk_magnificent body_bk_color\" ><div class=\"navicon-expand-2\"><\/div><\/div><div class=\"grid_single_title zero_color bd_headings_text_shadow zero_color\"><div class=\"prk_ttl\"><h3 class=\"header_font body_bk_color body_bk_text_shadow small\"><\/h3><\/div> <\/div><div class=\"grid_colored_block\"><\/div><img loading=\"lazy\" decoding=\"async\" src=\"https:\/\/www.vidum.cz\/wp-content\/uploads\/2016\/01\/4-480x480.jpg\" width=\"480\" height=\"480\" id=\"home_fader-793\" class=\"custom-img grid_image\" alt=\"\" data-featured=\"no\" \/><\/div><\/div><div class=\"portfolio_entry_li\" style=\"margin-bottom:10px;\" data-mfp-src=\"https:\/\/www.vidum.cz\/wp-content\/uploads\/2016\/01\/3.jpg\"><div class=\"grid_image_wrapper\"><div class=\"prk_magnificent body_bk_color\" ><div class=\"navicon-expand-2\"><\/div><\/div><div class=\"grid_single_title zero_color bd_headings_text_shadow zero_color\"><div class=\"prk_ttl\"><h3 class=\"header_font body_bk_color body_bk_text_shadow small\"><\/h3><\/div> <\/div><div class=\"grid_colored_block\"><\/div><img loading=\"lazy\" decoding=\"async\" src=\"https:\/\/www.vidum.cz\/wp-content\/uploads\/2016\/01\/3-480x480.jpg\" width=\"480\" height=\"480\" id=\"home_fader-792\" class=\"custom-img grid_image\" alt=\"\" data-featured=\"no\" \/><\/div><\/div><div class=\"portfolio_entry_li\" style=\"margin-bottom:10px;\" data-mfp-src=\"https:\/\/www.vidum.cz\/wp-content\/uploads\/2016\/01\/2.jpg\"><div class=\"grid_image_wrapper\"><div class=\"prk_magnificent body_bk_color\" ><div class=\"navicon-expand-2\"><\/div><\/div><div class=\"grid_single_title zero_color bd_headings_text_shadow zero_color\"><div class=\"prk_ttl\"><h3 class=\"header_font body_bk_color body_bk_text_shadow small\"><\/h3><\/div> <\/div><div class=\"grid_colored_block\"><\/div><img loading=\"lazy\" decoding=\"async\" src=\"https:\/\/www.vidum.cz\/wp-content\/uploads\/2016\/01\/2-480x480.jpg\" width=\"480\" height=\"480\" id=\"home_fader-791\" class=\"custom-img grid_image\" alt=\"\" data-featured=\"no\" \/><\/div><\/div><div class=\"portfolio_entry_li\" style=\"margin-bottom:10px;\" data-mfp-src=\"https:\/\/www.vidum.cz\/wp-content\/uploads\/2016\/01\/1.jpg\"><div class=\"grid_image_wrapper\"><div class=\"prk_magnificent body_bk_color\" ><div class=\"navicon-expand-2\"><\/div><\/div><div class=\"grid_single_title zero_color bd_headings_text_shadow zero_color\"><div class=\"prk_ttl\"><h3 class=\"header_font body_bk_color body_bk_text_shadow small\"><\/h3><\/div> <\/div><div class=\"grid_colored_block\"><\/div><img loading=\"lazy\" decoding=\"async\" src=\"https:\/\/www.vidum.cz\/wp-content\/uploads\/2016\/01\/1-480x480.jpg\" width=\"480\" height=\"480\" id=\"home_fader-790\" class=\"custom-img grid_image\" alt=\"\" data-featured=\"no\" \/><\/div><\/div><div class=\"portfolio_entry_li\" style=\"margin-bottom:10px;\" data-mfp-src=\"https:\/\/www.vidum.cz\/wp-content\/uploads\/2016\/01\/8.jpg\"><div class=\"grid_image_wrapper\"><div class=\"prk_magnificent body_bk_color\" ><div class=\"navicon-expand-2\"><\/div><\/div><div class=\"grid_single_title zero_color bd_headings_text_shadow zero_color\"><div class=\"prk_ttl\"><h3 class=\"header_font body_bk_color body_bk_text_shadow small\"><\/h3><\/div> <\/div><div class=\"grid_colored_block\"><\/div><img loading=\"lazy\" decoding=\"async\" src=\"https:\/\/www.vidum.cz\/wp-content\/uploads\/2016\/01\/8-480x480.jpg\" width=\"480\" height=\"480\" id=\"home_fader-797\" class=\"custom-img grid_image\" alt=\"\" data-featured=\"no\" \/><\/div><\/div><\/div><\/div>[\/vc_column][\/vc_row][vc_row][vc_column width=&#8220;1\/1&#8243;][\/vc_column][\/vc_row][vc_row][vc_column][vc_column_text]<\/p>\n<p>[\/vc_column_text][\/vc_column][\/vc_row]<\/p>\n<\/div>","protected":false},"excerpt":{"rendered":"<p>[vc_row][vc_column][vc_single_image image=&#8220;838&#8243; css_animation=&#8220;left-to-right&#8220;][vc_column_text] Ostrovid, o. p. s. &nbsp; My\u0161lenka zalo\u017eit Sdru\u017een\u00ed Ostrovid zr\u00e1la postupn\u011b n\u011bkolik let. Jej\u00edm z\u00e1kladem byla skute\u010dnost, \u017ee jsme se jako pracovn\u00edci ran\u00e9 p\u00e9\u010de a o\u010dn\u00ed optiky setk\u00e1vali s\u00a0d\u011btmi, kter\u00e9 k\u00a0n\u00e1m p\u0159ich\u00e1zely s\u00a0pozd\u011b odhalenou zrakovou vadou. D\u011bti, kter\u00e9 by p\u0159i v\u010dasn\u00e9 diagnostice a n\u00e1sledn\u00e9 c\u00edlen\u00e9 p\u00e9\u010di mohly\u00a0b\u00fdt pln\u011b rozcvi\u010den\u00e9, \u010di vhodn\u011b kompenzovan\u00e9. [&hellip;]<\/p>\n","protected":false},"author":1,"featured_media":0,"parent":0,"menu_order":0,"comment_status":"open","ping_status":"open","template":"","meta":{"_monsterinsights_skip_tracking":false,"_monsterinsights_sitenote_active":false,"_monsterinsights_sitenote_note":"","_monsterinsights_sitenote_category":0,"footnotes":""},"class_list":["post-813","page","type-page","status-publish","hentry"],"yoast_head":"<!-- This site is optimized with the Yoast SEO plugin v27.3 - https:\/\/yoast.com\/product\/yoast-seo-wordpress\/ -->\n<title>Ob\u010dansk\u00e9 Sdru\u017een\u00ed Ostrovid V Opav\u011b | O\u010dn\u00ed Centrum Vidum<\/title>\n<meta name=\"description\" content=\"P\u0159e\u010dt\u011bte si pro\u010d jsme v roce 2010 zalo\u017eili Ob\u010dansk\u00e9 sdru\u017een\u00ed Ostrovid s lidma, kte\u0159\u00ed pracuj\u00ed dlouh\u00e1 l\u00e9ta v oboru stimulace zraku a zrakov\u00e9 terapie.\" \/>\n<meta name=\"robots\" content=\"index, follow, max-snippet:-1, max-image-preview:large, max-video-preview:-1\" \/>\n<link rel=\"canonical\" href=\"https:\/\/www.vidum.cz\/index.php\/ostrovid-2-2\/\" \/>\n<meta property=\"og:locale\" content=\"cs_CZ\" \/>\n<meta property=\"og:type\" content=\"article\" \/>\n<meta property=\"og:title\" content=\"Ob\u010dansk\u00e9 Sdru\u017een\u00ed Ostrovid V Opav\u011b | O\u010dn\u00ed Centrum Vidum\" \/>\n<meta property=\"og:description\" content=\"P\u0159e\u010dt\u011bte si pro\u010d jsme v roce 2010 zalo\u017eili Ob\u010dansk\u00e9 sdru\u017een\u00ed Ostrovid s lidma, kte\u0159\u00ed pracuj\u00ed dlouh\u00e1 l\u00e9ta v oboru stimulace zraku a zrakov\u00e9 terapie.\" \/>\n<meta property=\"og:url\" content=\"https:\/\/www.vidum.cz\/index.php\/ostrovid-2-2\/\" \/>\n<meta property=\"og:site_name\" content=\"Vidum\" \/>\n<meta property=\"article:modified_time\" content=\"2019-02-07T09:44:06+00:00\" \/>\n<meta name=\"twitter:label1\" content=\"Odhadovan\u00e1 doba \u010dten\u00ed\" \/>\n\t<meta name=\"twitter:data1\" content=\"1 minuta\" \/>\n<script type=\"application\/ld+json\" class=\"yoast-schema-graph\">{\"@context\":\"https:\\\/\\\/schema.org\",\"@graph\":[{\"@type\":\"WebPage\",\"@id\":\"https:\\\/\\\/www.vidum.cz\\\/index.php\\\/ostrovid-2-2\\\/\",\"url\":\"https:\\\/\\\/www.vidum.cz\\\/index.php\\\/ostrovid-2-2\\\/\",\"name\":\"Ob\u010dansk\u00e9 Sdru\u017een\u00ed Ostrovid V Opav\u011b | O\u010dn\u00ed Centrum Vidum\",\"isPartOf\":{\"@id\":\"https:\\\/\\\/www.vidum.cz\\\/#website\"},\"datePublished\":\"2016-01-28T14:28:19+00:00\",\"dateModified\":\"2019-02-07T09:44:06+00:00\",\"description\":\"P\u0159e\u010dt\u011bte si pro\u010d jsme v roce 2010 zalo\u017eili Ob\u010dansk\u00e9 sdru\u017een\u00ed Ostrovid s lidma, kte\u0159\u00ed pracuj\u00ed dlouh\u00e1 l\u00e9ta v oboru stimulace zraku a zrakov\u00e9 terapie.\",\"breadcrumb\":{\"@id\":\"https:\\\/\\\/www.vidum.cz\\\/index.php\\\/ostrovid-2-2\\\/#breadcrumb\"},\"inLanguage\":\"cs\",\"potentialAction\":[{\"@type\":\"ReadAction\",\"target\":[\"https:\\\/\\\/www.vidum.cz\\\/index.php\\\/ostrovid-2-2\\\/\"]}]},{\"@type\":\"BreadcrumbList\",\"@id\":\"https:\\\/\\\/www.vidum.cz\\\/index.php\\\/ostrovid-2-2\\\/#breadcrumb\",\"itemListElement\":[{\"@type\":\"ListItem\",\"position\":1,\"name\":\"Dom\u016f\",\"item\":\"https:\\\/\\\/www.vidum.cz\\\/\"},{\"@type\":\"ListItem\",\"position\":2,\"name\":\"Ostrovid\"}]},{\"@type\":\"WebSite\",\"@id\":\"https:\\\/\\\/www.vidum.cz\\\/#website\",\"url\":\"https:\\\/\\\/www.vidum.cz\\\/\",\"name\":\"Vidum\",\"description\":\"O\u010dn\u00ed centrum Vidum\",\"potentialAction\":[{\"@type\":\"SearchAction\",\"target\":{\"@type\":\"EntryPoint\",\"urlTemplate\":\"https:\\\/\\\/www.vidum.cz\\\/?s={search_term_string}\"},\"query-input\":{\"@type\":\"PropertyValueSpecification\",\"valueRequired\":true,\"valueName\":\"search_term_string\"}}],\"inLanguage\":\"cs\"}]}<\/script>\n<!-- \/ Yoast SEO plugin. -->","yoast_head_json":{"title":"Ob\u010dansk\u00e9 Sdru\u017een\u00ed Ostrovid V Opav\u011b | O\u010dn\u00ed Centrum Vidum","description":"P\u0159e\u010dt\u011bte si pro\u010d jsme v roce 2010 zalo\u017eili Ob\u010dansk\u00e9 sdru\u017een\u00ed Ostrovid s lidma, kte\u0159\u00ed pracuj\u00ed dlouh\u00e1 l\u00e9ta v oboru stimulace zraku a zrakov\u00e9 terapie.","robots":{"index":"index","follow":"follow","max-snippet":"max-snippet:-1","max-image-preview":"max-image-preview:large","max-video-preview":"max-video-preview:-1"},"canonical":"https:\/\/www.vidum.cz\/index.php\/ostrovid-2-2\/","og_locale":"cs_CZ","og_type":"article","og_title":"Ob\u010dansk\u00e9 Sdru\u017een\u00ed Ostrovid V Opav\u011b | O\u010dn\u00ed Centrum Vidum","og_description":"P\u0159e\u010dt\u011bte si pro\u010d jsme v roce 2010 zalo\u017eili Ob\u010dansk\u00e9 sdru\u017een\u00ed Ostrovid s lidma, kte\u0159\u00ed pracuj\u00ed dlouh\u00e1 l\u00e9ta v oboru stimulace zraku a zrakov\u00e9 terapie.","og_url":"https:\/\/www.vidum.cz\/index.php\/ostrovid-2-2\/","og_site_name":"Vidum","article_modified_time":"2019-02-07T09:44:06+00:00","twitter_misc":{"Odhadovan\u00e1 doba \u010dten\u00ed":"1 minuta"},"schema":{"@context":"https:\/\/schema.org","@graph":[{"@type":"WebPage","@id":"https:\/\/www.vidum.cz\/index.php\/ostrovid-2-2\/","url":"https:\/\/www.vidum.cz\/index.php\/ostrovid-2-2\/","name":"Ob\u010dansk\u00e9 Sdru\u017een\u00ed Ostrovid V Opav\u011b | O\u010dn\u00ed Centrum Vidum","isPartOf":{"@id":"https:\/\/www.vidum.cz\/#website"},"datePublished":"2016-01-28T14:28:19+00:00","dateModified":"2019-02-07T09:44:06+00:00","description":"P\u0159e\u010dt\u011bte si pro\u010d jsme v roce 2010 zalo\u017eili Ob\u010dansk\u00e9 sdru\u017een\u00ed Ostrovid s lidma, kte\u0159\u00ed pracuj\u00ed dlouh\u00e1 l\u00e9ta v oboru stimulace zraku a zrakov\u00e9 terapie.","breadcrumb":{"@id":"https:\/\/www.vidum.cz\/index.php\/ostrovid-2-2\/#breadcrumb"},"inLanguage":"cs","potentialAction":[{"@type":"ReadAction","target":["https:\/\/www.vidum.cz\/index.php\/ostrovid-2-2\/"]}]},{"@type":"BreadcrumbList","@id":"https:\/\/www.vidum.cz\/index.php\/ostrovid-2-2\/#breadcrumb","itemListElement":[{"@type":"ListItem","position":1,"name":"Dom\u016f","item":"https:\/\/www.vidum.cz\/"},{"@type":"ListItem","position":2,"name":"Ostrovid"}]},{"@type":"WebSite","@id":"https:\/\/www.vidum.cz\/#website","url":"https:\/\/www.vidum.cz\/","name":"Vidum","description":"O\u010dn\u00ed centrum Vidum","potentialAction":[{"@type":"SearchAction","target":{"@type":"EntryPoint","urlTemplate":"https:\/\/www.vidum.cz\/?s={search_term_string}"},"query-input":{"@type":"PropertyValueSpecification","valueRequired":true,"valueName":"search_term_string"}}],"inLanguage":"cs"}]}},"_links":{"self":[{"href":"https:\/\/www.vidum.cz\/index.php\/wp-json\/wp\/v2\/pages\/813","targetHints":{"allow":["GET"]}}],"collection":[{"href":"https:\/\/www.vidum.cz\/index.php\/wp-json\/wp\/v2\/pages"}],"about":[{"href":"https:\/\/www.vidum.cz\/index.php\/wp-json\/wp\/v2\/types\/page"}],"author":[{"embeddable":true,"href":"https:\/\/www.vidum.cz\/index.php\/wp-json\/wp\/v2\/users\/1"}],"replies":[{"embeddable":true,"href":"https:\/\/www.vidum.cz\/index.php\/wp-json\/wp\/v2\/comments?post=813"}],"version-history":[{"count":10,"href":"https:\/\/www.vidum.cz\/index.php\/wp-json\/wp\/v2\/pages\/813\/revisions"}],"predecessor-version":[{"id":1038,"href":"https:\/\/www.vidum.cz\/index.php\/wp-json\/wp\/v2\/pages\/813\/revisions\/1038"}],"wp:attachment":[{"href":"https:\/\/www.vidum.cz\/index.php\/wp-json\/wp\/v2\/media?parent=813"}],"curies":[{"name":"wp","href":"https:\/\/api.w.org\/{rel}","templated":true}]}}